[INFO] fetching crate actix-cors 0.6.4...
[INFO] checking actix-cors-0.6.4 against master#e6e4f7ed1589e03bc2f6c5931c1a72e7947e8682 for beta-170-4
[INFO] extracting crate actix-cors 0.6.4 into /workspace/builds/worker-7-tc2/source
[INFO] validating manifest of crates.io crate actix-cors 0.6.4 on toolchain e6e4f7ed1589e03bc2f6c5931c1a72e7947e8682
[INFO] running `Command { std: CARGO_HOME="/workspace/cargo-home" RUSTUP_HOME="/workspace/rustup-home" "/workspace/cargo-home/bin/cargo" "+e6e4f7ed1589e03bc2f6c5931c1a72e7947e8682" "metadata" "--manifest-path" "Cargo.toml" "--no-deps", kill_on_drop: false }`
[INFO] started tweaking crates.io crate actix-cors 0.6.4
[INFO] finished tweaking crates.io crate actix-cors 0.6.4
[INFO] tweaked toml for crates.io crate actix-cors 0.6.4 written to /workspace/builds/worker-7-tc2/source/Cargo.toml
[INFO] crate crates.io crate actix-cors 0.6.4 already has a lockfile, it will not be regenerated
[INFO] running `Command { std: CARGO_HOME="/workspace/cargo-home" RUSTUP_HOME="/workspace/rustup-home" "/workspace/cargo-home/bin/cargo" "+e6e4f7ed1589e03bc2f6c5931c1a72e7947e8682" "fetch" "--manifest-path" "Cargo.toml", kill_on_drop: false }`
[INFO] running `Command { std: "docker" "create" "-v" "/var/lib/crater-agent-workspace/builds/worker-7-tc2/target:/opt/rustwide/target:rw,Z" "-v" "/var/lib/crater-agent-workspace/builds/worker-7-tc2/source:/opt/rustwide/workdir:ro,Z" "-v" "/var/lib/crater-agent-workspace/cargo-home:/opt/rustwide/cargo-home:ro,Z" "-v" "/var/lib/crater-agent-workspace/rustup-home:/opt/rustwide/rustup-home:ro,Z" "-e" "SOURCE_DIR=/opt/rustwide/workdir" "-e" "CARGO_TARGET_DIR=/opt/rustwide/target" "-e" "CARGO_HOME=/opt/rustwide/cargo-home" "-e" "RUSTUP_HOME=/opt/rustwide/rustup-home" "-w" "/opt/rustwide/workdir" "-m" "1610612736" "--user" "0:0" "--network" "none" "ghcr.io/rust-lang/crates-build-env/linux@sha256:5ff2268d62e97bff2cde7d5815dd6ed5b47097566f13b8d0ca110b04b60e07ed" "/opt/rustwide/cargo-home/bin/cargo" "+e6e4f7ed1589e03bc2f6c5931c1a72e7947e8682" "metadata" "--no-deps" "--format-version=1", kill_on_drop: false }`
[INFO] [stdout] 31e3d606f6804b3235087195e248d38a00f82a9e7ceecef5c0312b3484dc2e34
[INFO] running `Command { std: "docker" "start" "-a" "31e3d606f6804b3235087195e248d38a00f82a9e7ceecef5c0312b3484dc2e34", kill_on_drop: false }`
[INFO] running `Command { std: "docker" "inspect" "31e3d606f6804b3235087195e248d38a00f82a9e7ceecef5c0312b3484dc2e34", kill_on_drop: false }`
[INFO] running `Command { std: "docker" "rm" "-f" "31e3d606f6804b3235087195e248d38a00f82a9e7ceecef5c0312b3484dc2e34", kill_on_drop: false }`
[INFO] [stdout] 31e3d606f6804b3235087195e248d38a00f82a9e7ceecef5c0312b3484dc2e34
[INFO] running `Command { std: "docker" "create" "-v" "/var/lib/crater-agent-workspace/builds/worker-7-tc2/target:/opt/rustwide/target:rw,Z" "-v" "/var/lib/crater-agent-workspace/builds/worker-7-tc2/source:/opt/rustwide/workdir:ro,Z" "-v" "/var/lib/crater-agent-workspace/cargo-home:/opt/rustwide/cargo-home:ro,Z" "-v" "/var/lib/crater-agent-workspace/rustup-home:/opt/rustwide/rustup-home:ro,Z" "-e" "SOURCE_DIR=/opt/rustwide/workdir" "-e" "CARGO_TARGET_DIR=/opt/rustwide/target" "-e" "CARGO_INCREMENTAL=0" "-e" "RUST_BACKTRACE=full" "-e" "RUSTFLAGS=--cap-lints=forbid" "-e" "RUSTDOCFLAGS=--cap-lints=forbid" "-e" "CARGO_HOME=/opt/rustwide/cargo-home" "-e" "RUSTUP_HOME=/opt/rustwide/rustup-home" "-w" "/opt/rustwide/workdir" "-m" "1610612736" "--user" "0:0" "--network" "none" "ghcr.io/rust-lang/crates-build-env/linux@sha256:5ff2268d62e97bff2cde7d5815dd6ed5b47097566f13b8d0ca110b04b60e07ed" "/opt/rustwide/cargo-home/bin/cargo" "+e6e4f7ed1589e03bc2f6c5931c1a72e7947e8682" "check" "--frozen" "--all" "--all-targets" "--message-format=json", kill_on_drop: false }`
[INFO] [stdout] b1294772a8eb9205f5e92a61b7eb87f465855f805474c1ffba0722104083bdee
[INFO] running `Command { std: "docker" "start" "-a" "b1294772a8eb9205f5e92a61b7eb87f465855f805474c1ffba0722104083bdee", kill_on_drop: false }`
[INFO] [stderr]    Compiling libc v0.2.137
[INFO] [stderr]     Checking pin-project-lite v0.2.9
[INFO] [stderr]    Compiling memchr v2.5.0
[INFO] [stderr]    Compiling futures-core v0.3.25
[INFO] [stderr]     Checking bytes v1.2.1
[INFO] [stderr]    Compiling parking_lot_core v0.9.4
[INFO] [stderr]     Checking smallvec v1.10.0
[INFO] [stderr]     Checking once_cell v1.15.0
[INFO] [stderr]     Checking scopeguard v1.1.0
[INFO] [stderr]    Compiling typenum v1.15.0
[INFO] [stderr]     Checking itoa v1.0.4
[INFO] [stderr]    Compiling futures-task v0.3.25
[INFO] [stderr]    Compiling log v0.4.17
[INFO] [stderr]    Compiling lock_api v0.4.9
[INFO] [stderr]    Compiling tokio v1.21.2
[INFO] [stderr]    Compiling generic-array v0.14.6
[INFO] [stderr]    Compiling proc-macro2 v1.0.47
[INFO] [stderr]    Compiling futures-util v0.3.25
[INFO] [stderr]    Compiling serde v1.0.147
[INFO] [stderr]     Checking tracing-core v0.1.30
[INFO] [stderr]    Compiling quote v1.0.21
[INFO] [stderr]     Checking futures-sink v0.3.25
[INFO] [stderr]    Compiling unicode-ident v1.0.5
[INFO] [stderr]    Compiling indexmap v1.9.1
[INFO] [stderr]    Compiling slab v0.4.7
[INFO] [stderr]     Checking percent-encoding v2.2.0
[INFO] [stderr]    Compiling syn v1.0.103
[INFO] [stderr]     Checking local-waker v0.1.3
[INFO] [stderr]     Checking tinyvec v1.6.0
[INFO] [stderr]     Checking http v0.2.8
[INFO] [stderr]    Compiling ahash v0.7.6
[INFO] [stderr]     Checking hashbrown v0.12.3
[INFO] [stderr]    Compiling httparse v1.8.0
[INFO] [stderr]     Checking ppv-lite86 v0.2.16
[INFO] [stderr]     Checking tracing v0.1.37
[INFO] [stderr]    Compiling encoding_rs v0.8.31
[INFO] [stderr]    Compiling paste v1.0.9
[INFO] [stderr]     Checking aho-corasick v0.7.19
[INFO] [stderr]     Checking form_urlencoded v1.1.0
[INFO] [stderr]     Checking actix-utils v3.0.1
[INFO] [stderr]     Checking bytestring v1.1.0
[INFO] [stderr]     Checking ryu v1.0.11
[INFO] [stderr]    Compiling convert_case v0.4.0
[INFO] [stderr]     Checking cpufeatures v0.2.5
[INFO] [stderr]     Checking unicode-bidi v0.3.8
[INFO] [stderr]    Compiling serde_json v1.0.87
[INFO] [stderr]     Checking regex-syntax v0.6.27
[INFO] [stderr]     Checking bitflags v1.3.2
[INFO] [stderr]     Checking signal-hook-registry v1.4.0
[INFO] [stderr]     Checking mio v0.8.5
[INFO] [stderr]     Checking socket2 v0.4.7
[INFO] [stderr]     Checking getrandom v0.2.8
[INFO] [stderr]     Checking parking_lot v0.12.1
[INFO] [stderr]     Checking unicode-normalization v0.1.22
[INFO] [stderr]     Checking rand_core v0.6.4
[INFO] [stderr]     Checking rand_chacha v0.3.1
[INFO] [stderr]     Checking num_cpus v1.13.1
[INFO] [stderr]     Checking actix-service v2.0.2
[INFO] [stderr]     Checking rand v0.8.5
[INFO] [stderr]     Checking language-tags v0.3.2
[INFO] [stderr]     Checking num_threads v0.1.6
[INFO] [stderr]     Checking base64 v0.13.1
[INFO] [stderr]     Checking httpdate v1.0.2
[INFO] [stderr]     Checking time-core v0.1.0
[INFO] [stderr]     Checking idna v0.3.0
[INFO] [stderr]     Checking time v0.3.16
[INFO] [stderr]     Checking url v2.3.1
[INFO] [stderr]     Checking crypto-common v0.1.6
[INFO] [stderr]     Checking block-buffer v0.10.3
[INFO] [stderr]     Checking digest v0.10.5
[INFO] [stderr]     Checking local-channel v0.1.3
[INFO] [stderr]     Checking sha1 v0.10.5
[INFO] [stderr]     Checking regex v1.6.0
[INFO] [stderr]     Checking serde_urlencoded v0.7.1
[INFO] [stderr]     Checking actix-router v0.5.1
[INFO] [stderr]    Compiling derive_more v0.99.17
[INFO] [stderr]     Checking tokio-util v0.7.4
[INFO] [stderr]     Checking actix-rt v2.7.0
[INFO] [stderr]     Checking actix-server v2.1.1
[INFO] [stderr]     Checking h2 v0.3.15
[INFO] [stderr]     Checking actix-codec v0.5.0
[INFO] [stderr]     Checking actix-http v3.2.2
[INFO] [stderr]     Checking actix-web v4.2.1
[INFO] [stderr]     Checking actix-cors v0.6.4 (/opt/rustwide/workdir)
[INFO] [stdout] error[E0433]: failed to resolve: could not find `test` in `actix_web`
[INFO] [stdout]    --> src/builder.rs:642:18
[INFO] [stdout]     |
[INFO] [stdout] 642 |     #[actix_web::test]
[INFO] [stdout]     |                  ^^^^ could not find `test` in `actix_web`
[INFO] [stdout] 
[INFO] [stdout] 
[INFO] [stdout] error[E0433]: failed to resolve: could not find `test` in `actix_web`
[INFO] [stdout]    --> src/builder.rs:657:18
[INFO] [stdout]     |
[INFO] [stdout] 657 |     #[actix_web::test]
[INFO] [stdout]     |                  ^^^^ could not find `test` in `actix_web`
[INFO] [stdout] 
[INFO] [stdout] 
[INFO] [stdout] error[E0433]: failed to resolve: could not find `test` in `actix_web`
[INFO] [stdout]    --> src/builder.rs:662:18
[INFO] [stdout]     |
[INFO] [stdout] 662 |     #[actix_web::test]
[INFO] [stdout]     |                  ^^^^ could not find `test` in `actix_web`
[INFO] [stdout] 
[INFO] [stdout] 
[INFO] [stdout] error[E0433]: failed to resolve: could not find `test` in `actix_web`
[INFO] [stdout]    --> src/builder.rs:677:18
[INFO] [stdout]     |
[INFO] [stdout] 677 |     #[actix_web::test]
[INFO] [stdout]     |                  ^^^^ could not find `test` in `actix_web`
[INFO] [stdout] 
[INFO] [stdout] 
[INFO] [stdout] error[E0433]: failed to resolve: could not find `test` in `actix_web`
[INFO] [stdout]    --> src/inner.rs:265:18
[INFO] [stdout]     |
[INFO] [stdout] 265 |     #[actix_web::test]
[INFO] [stdout]     |                  ^^^^ could not find `test` in `actix_web`
[INFO] [stdout] 
[INFO] [stdout] 
[INFO] [stdout] error[E0433]: failed to resolve: could not find `test` in `actix_web`
[INFO] [stdout]    --> src/inner.rs:283:18
[INFO] [stdout]     |
[INFO] [stdout] 283 |     #[actix_web::test]
[INFO] [stdout]     |                  ^^^^ could not find `test` in `actix_web`
[INFO] [stdout] 
[INFO] [stdout] 
[INFO] [stdout] error[E0433]: failed to resolve: could not find `test` in `actix_web`
[INFO] [stdout]    --> src/inner.rs:375:18
[INFO] [stdout]     |
[INFO] [stdout] 375 |     #[actix_web::test]
[INFO] [stdout]     |                  ^^^^ could not find `test` in `actix_web`
[INFO] [stdout] 
[INFO] [stdout] 
[INFO] [stdout] error[E0433]: failed to resolve: could not find `test` in `actix_web`
[INFO] [stdout]    --> src/middleware.rs:263:18
[INFO] [stdout]     |
[INFO] [stdout] 263 |     #[actix_web::test]
[INFO] [stdout]     |                  ^^^^ could not find `test` in `actix_web`
[INFO] [stdout] 
[INFO] [stdout] 
[INFO] [stdout] error: aborting due to 8 previous errors
[INFO] [stdout] 
[INFO] [stdout] 
[INFO] [stdout] For more information about this error, try `rustc --explain E0433`.
[INFO] [stdout] 
[INFO] [stderr] error: could not compile `actix-cors` (lib test) due to 9 previous errors
[INFO] [stderr] warning: build failed, waiting for other jobs to finish...
[INFO] running `Command { std: "docker" "inspect" "b1294772a8eb9205f5e92a61b7eb87f465855f805474c1ffba0722104083bdee", kill_on_drop: false }`
[INFO] running `Command { std: "docker" "rm" "-f" "b1294772a8eb9205f5e92a61b7eb87f465855f805474c1ffba0722104083bdee", kill_on_drop: false }`
[INFO] [stdout] b1294772a8eb9205f5e92a61b7eb87f465855f805474c1ffba0722104083bdee
